 of j**6/120 - j**5/6 + 11*j**4/24 - 3*j**3/2 + 219*j**2. Calculate z(9).
9
Let w(m) = -9*m + 7. Let c(t) = 8*t + 45. Let b be c(-5). What is w(b)?
-38
Suppose 5*u - 38*u - 684 = 81*u. Let z(x) be the third derivative of x**6/120 + x**5/10 - x**4/24 - 2*x**3/3 - 2*x**2. Determine z(u).
2
Let b(z) = z**2 - 3. Let a(m) = 4*m - 3. Let y be a(2). Suppose w - t + y = 3*w, 0 = 5*w - 5*t - 20. Suppose 3 = 3*j - i, w*j + 7 = -3*i - 2. Calculate b(j).
-3
Let b be (-2 + 3 + -5)*(-6)/8. Suppose -3*z - z = -24. Let t(o) = 0 + 1 - z*o + o. Determine t(b).
-14
Let z(v) = -v**3 + 2*v**2 + v - 1. Let r(s) = -15*s + 29*s + 2*s**2 + 4*s**2 - 18*s - 3 - s**3. Let k be r(5). Give z(k).
1
Let d(k) = -37*k - 3 + 26*k + 25*k. Let b be (-8)/20 - (-48)/20. Determine d(b).
25
Suppose 6*l - 3*l = k + 19, -2*k + 4*l = 32. Let u be (-2)/(2/(k/(-1))). Let b(p) = p**3 + 9*p**2 - 12*p - 12. Give b(u).
8
Let o = -330 - -335. Let n(y) = -7 - 2*y**3 + 14*y**2 + 3*y**3 - 18*y**2. Give n(o).
18
Let k(f) = -3000*f**3 - 4 + 3 - 4*f + 3 + 0*f + 3*f**2 + 3001*f**3. Determine k(-4).
2
Let m be -2 + -76 - -8*(-3)/(-6). Let o = -78 - m. Let q(a) = a - 2. Determine q(o).
-6
Suppose -c - 4 = -5*c, 3*c + 5 = 2*r. Let k(y) = y + 1 + y - r*y. Let l(h) = h**2 - 21*h + 95. Let p be l(6). Determine k(p).
-9
Let m(o) = o - 4 - 5*o + o**2 + 4 + 5. Let t(b) = b + 5. Let q be t(-5). Suppose q = s - 4. What is m(s)?
5
Let g(x) be the second derivative of x**5/20 + 2*x**4/3 + x**3 - 7*x**2/2 + 6*x. Let u be (-5)/5*(-4 + (4 - -7)). What is g(u)?
0
Let d(g) = 1 + 2*g + 2*g - 15*g. What is d(1)?
-10
Suppose -12 = 5*v + 128. Let p = v - -22. Let i(y) = -y - 8. Determine i(p).
-2
Let h(l) be the second derivative of -1/12*l**4 + l**3 + 0 - 4*l - 3*l**2. Calculate h(6).
-6
Suppose l = 11 + 41. Let c = l + -58. Let d(p) = -4*p**3 + 21*p**2 + 15*p - 15. Let u(i) = -i**3 + 7*i**2 + 5*i - 5. Let m(w) = -2*d(w) + 7*u(w). What is m(c)?
1
Suppose 0 = -2*l + 89 - 87. Let s be (-3)/2*(l + (-5)/(-3)). Let t(i) = -i**2 - 6*i - 6. Calculate t(s).
2
Let m(v) = -6*v**2 + 0*v + v + 0*v**3 - 13 + 7*v**2 - v**3. Suppose -240 = -11*k + 321. Let l = 51 - k. What is m(l)?
-13
Let g = 92 - 86. Let u(c) = 2 + 1 + 14*c - g - 11*c. Determine u(-3).
-12
Let l(x) be the second derivative of -x**5/20 + x**4 + 17*x**2/2 - 2*x - 6. What is l(12)?
17
Suppose -5*d - 25 = -5*o, 3*d + 19 = -3*o + 4. Let v(f) be the third derivative of -1/12*f**4 - 5/6*f**3 + 0 + 0*f - 2*f**2. What is v(d)?
5
Let w(y) = -14*y**2 + 3*y. Let p(x) = -27*x**2 + 5*x. Let m(t) = -4*p(t) + 7*w(t). Calculate m(-1).
9
Let t(l) = -2*l - 7. Let z be -2*33/(-54) + 2/(-9). Let a(s) = -8*s**3. Let m be a(-1). Let b = z - m. Calculate t(b).
7
Let v(y) = y**2 + 6*y - 7. Let b(q) = 8*q - 2*q**3 + 4*q**2 - 8*q**3 + 6 + 11*q**3 + 3*q**2. Let o be b(-6). Give v(o).
-7
Suppose 32 = 5*c - 4*v + 6, 2*c = -2*v + 14. Let g(w) = 2*w**2 + 17*w. Let q(u) = -9*u**2 - 72*u - 1. Let z(i) = -26*g(i) - 6*q(i). What is z(c)?
18
Suppose -y = 3*s + s + 8, 2*y = -4*s. Let l(j) = -16 + y*j + 57 - 21 - 21. Give l(-3).
-25
Let z(g) = g + 3. Let h(q) = q + 2. Let x(k) = -5*h(k) + 4*z(k). Let l be x(6). Let m = l - 2. Let t(r) = -r. Determine t(m).
6
Let u be 0/(-2)*5/15. Let m(z) = -z**3 - 1. Let y(h) = -2*h**3 + h**2 - h + 6. Let q(x) = m(x) - y(x). Give q(u).
-7
Let w be (-26)/4 - 20/(-8). Suppose 16 = 2*t + 2*t. Let s(n) = 4*n**2 + 3*n**2 - 6*n**2 + t*n - 2. Calculate s(w).
-2
Let z(s) = -s**3 + 8*s**2 + s - 11. Let o(x) = x**3 - 4*x**2 - 48*x - 7. Let l be o(-5). Determine z(l).
-3
Suppose -88*s = -90*s - 14. Let u(y) = y**3 + 9 - 732*y + 8*y**2 + 740*y - 3. Determine u(s).
-1
Let x(t) be the first derivative of t**6/360 - t**5/10 + t**4/6 + 26*t**3/3 + 28. Let q(p) be the third derivative of x(p). Give q(12).
4
Let j(n) = n**2 + 6*n + 4. Let x be j(-4). Let v(w) = 9*w + 7. What is v(x)?
-29
Let w(o) be the second derivative of -o**6/180 + o**3 - 2*o. Let f(q) be the second derivative of w(q). Let m(u) = u + 19. Let i be m(-18). What is f(i)?
-2
Suppose -3*v = v - 20. Let h(q) be the second derivative of q**5/20 - 5*q**4/12 + 7*q**2/2 - 255*q. Calculate h(v).
7
Let m(l) = -l**3 - 3*l**2 - 3*l - 1. Let w be m(-2). Let p be (-4 + 8)/(w*(-1 - 0)). Let d(x) = -x**3 - 2*x**2 + 7*x + 6. Calculate d(p).
10
Let k(q) = 4*q - 2. Let n(j) = 5*j - 2. Let u(v) = -6*k(v) + 5*n(v). Let o(x) = x + 2. Let t(s) = 3*o(s) - 2*u(s). What is t(-4)?
-2
Let w(x) = -x - 9. Let u = 9 - 9. Suppose u*q - q = 0. What is w(q)?
-9
Let p be 6/27 + (-34)/(-9). Let c(z) be the third derivative of 1/20*z**5 + 0*z - 1/3*z**3 - 1/120*z**6 - 8*z**2 + 0 + 1/24*z**4. Determine c(p).
-14
Let i(q) = 35 - q**2 - 6*q + 0*q**2 - 10 - 15 + 2*q**2. Calculate i(6).
10
Let t(d) = -2*d**3 - d**2 + d + 2. Let w be t(-1). Let b(j) = -4 + j**2 + 1 + 4 + 0*j**w + 7*j. Give b(-7).
1
Let g = -4 - -2. Let m be (g - -3)*(-2 + 2). Let q(p) = -3*p**3 + 2*p**3 + p - 5 + 9 - 5 - 5. Calculate q(m).
-6
Let i(t) = -88*t + 28*t + 30*t + 29*t + 19. Calculate i(0).
19
Let m be (-28)/266 - (-51)/(-57). Let d(y) = 11*y**3 - 6*y**3 - 1 + 3*y**3 + y**2. What is d(m)?
-8
Let p(h) be the third derivative of -4*h**5/15 + h**4/24 - 2*h**2. Let d = 3403 + -3402. What is p(d)?
-15
Let u(w) = -w**3 - 6*w**2 - 7*w - 7. Let q be u(-5). Let s(v) = -v - 1. Let y be s(-4). Let o(n) = -39 + 42 + 4*n - y*n. Calculate o(q).
6
Let v(l) = -l + 1. Let n(b) = b**2 + 8*b - 4. Let r(m) = n(m) + v(m). Let j be 0/1 - -21*(-2)/6. Give r(j).
-3
Let d = 13 - 11. Let t(n) = -n - n - 2*n + d*n. What is t(2)?
-4
Let n(a) = 12*a - 23 - 2*a + 25 - 13*a - 5*a. Determine n(-3).
26
Let z(x) = -104*x - 106*x + 313*x - 102*x - 2. Let t(i) = -i + 2. Let k be t(0). Give z(k).
0
Let v = -1475/6 - -247. Let d(k) be the third derivative of -1/120*k**6 + 0*k**5 - k**2 + 0 + v*k**3 + 0*k + 0*k**4. Give d(0).
7
Let c be 12/(-15)*(-3 - 4 - -2). Suppose -c*j + 3*x = -x + 20, j + 6 = 2*x. Let m(i) = -i**2 - 2*i + 1. Determine m(j).
-7
Let u(s) = s**2 - s - 1. Suppose -2*d - 1 = 6*n - 3*n, 0 = -2*d - 4. Give u(n).
-1
Suppose 0 = -z - 13 - 2. Let o be z/(-9) - (-8)/(-12). Let j(a) = a + 2 - 2. Determine j(o).
1
Let t(s) be the first derivative of 3*s**2/2 + 6*s - 227. Give t(-7).
-15
Let g(a) = a + 5*a - 3*a - a**3 + 3*a**2. Let q(x) be the third derivative of -x**4/12 - 2*x**3/3 + 2*x**2. Let c be q(-4). What is g(c)?
-4
Suppose b = 2 + 5. Suppose 59 = b*i - 4. Suppose a + i = -2*a. Let r(h) = h**3 + 2*h**2 - 3*h - 3. Calculate r(a).
-3
Let z(s) = -7*s + 6. Let v(n) = -3*n + 1. Let h(f) = -2*v(f) + z(f). What is h(3)?
1
Let r(g) = -g**3 + 5*g**2 + 4*g + 3. Let w(t) = -t**3 + 4*t**2 + 3*t + 2. Let v(n) = 3*r(n) - 4*w(n). Suppose 0 = -q + 6*q. Give v(q).
1
Let c(t) = 5*t**3 - 4*t**2 + 3*t + 8. Let m(h) = -h**3 + h**2 - h - 2. Let f(w) = 2*c(w) + 9*m(w). Let i be ((-100)/40)/(5/4). What is f(i)?
0
Suppose 2*z = -4*z. Let q be (-1 - -3 - 4) + z. Let g(n) = -4*n**2 + n - 1. Let i(u) = -17*u**2 + 5*u - 5. Let t(c) = -9*g(c) + 2*i(c). Determine t(q).
5
Let d(n) = -3*n + 20. Let v be d(4). Let t(m) = m - 9 - 2 - m**3 + 3 + 4*m**2 + 4*m**2. Give t(v).
0
Let z(n) be the third derivative of -n**4/6 - 7*n**3/6 + 89*n**2. Calculate z(-6).
17
Let q(s) = -s**2 + 13*s - 8. Let w be (-546)/(-48) - (-3)/(-8). What is q(w)?
14
Let o(q) = q**3 + 3*q**2 - 6*q + 3. Let d be o(2). Suppose d*x - 12*x = 1. Let t(y) = 2*y + 3*y**3 + 4 - 4 + y**2 + 5*y**3 + 1. Give t(x).
-8
Let d be (1*4/6)/(1/3). Let z(t) = 2*t + 1 + 59*t**d - 56*t**2 + 0*t. Calculate z(-2).
9
Let y(v) = -10 + 17 - 4*v**2 - 11 + 7*v**3 + 8*v - 5*v. Let n(b) = -4*b**3 + 2*b**2 - b + 2. Let c(d) = 5*n(d) + 3*y(d). Give c(2).
6
Let z(n) = n**2 - 3*n + 3. Suppose 512*p - 508*p - 12 = 0. What is z(p)?
3
Suppose -3*z - 23 = -4*y, -y - 3*z = -6*y + 28. Let f be 1 + 0 + (2 + 6 - y). Let l(n) = 2*n - 3. What is l(f)?
5
Let d(m) be the second derivative of m**5/20 - m**4/12 - m**3/6 - m**2/2 - 24*m. Suppose v = -4*v. Suppose -5*s + v = 5. Determine d(s).
-2
Let s(o) = -2*o**2 - o + 3. Let n(y) = -y + 25. Let i be n(22). Give s(i).
-18
Let w(z) = z**2 - 5*z - 8. Let n be w(6). Let h = 30 + -29. Let y(s) = 70*s + h - 140*s + 69*s. Determine y(n).
3
Let q(p) = 4*p**3 - 1. Let d be q(1). Let o(i) = -i. Let b(k) = k + 4. Let j(w) = d*o(w) + b(w). Let v = 3 + 2. Give j(v).
-6
Let